7, what is 23242 + 134?
23406
In base 16, what is 1785 + -c8?
16bd
In base 10, what is 17029 + -76?
16953
In base 11, what is -269680 - -4?
-269677
In base 7, what is 1436 + -213?
1223
In base 16, what is -6b2 - -91?
-621
In base 4, what is 11 + 2100203232?
2100203303
In base 14, what is -1009 + -321?
-132a
In base 5, what is 10112043031 - -10?
10112043041
In base 13, what is 17871 - 3?
1786b
In base 13, what is -11cc8 + 2?
-11cc6
In base 10, what is 2583 + -22?
2561
In base 3, what is 2111221 - 1?
2111220
In base 7, what is 3016 + -14?
3002
In base 8, what is -10775 - 137?
-11134
In base 8, what is 10102 + -166?
7714
In base 13, what is -16 + 2a17?
2a01
In base 5, what is 41 + -134122?
-134031
In base 4, what is 110313221 + -10?
110313211
In base 11, what is 24 - 113963?
-11393a
In base 3, what is 101 + -101200101?
-101200000
In base 11, what is -68a85 + 5?
-68a80
In base 7, what is 144305 + 2?
144310
In base 9, what is -2206 - 30?
-2236
In base 7, what is 2 + -12132?
-12130
In base 15, what is -36c1 + 1?
-36c0
In base 5, what is 44 + -14042011?
-14041412
In base 6, what is 13 + -32431?
-32414
In base 12, what is -39743 - 4?
-39747
In base 11, what is 13 - 13052?
-1303a
In base 6, what is 41 + -451051?
-451010
In base 16, what is 148394 + 3?
148397
In base 2, what is -11 - 1001010110001110101?
-1001010110001111000
In base 2, what is -1 - 1000001110?
-1000001111
In base 5, what is 4 - 1134324?
-1134320
In base 5, what is -223010 - -3?
-223002
In base 4, what is 323213322102 - 1?
323213322101
In base 6, what is -114223 + 34?
-114145
In base 9, what is 5 + 462815?
462821
In base 9, what is 31 - 55771?
-55740
In base 12, what is -9 - 74b?
-758
In base 9, what is -270467 - 11?
-270478
In base 16, what is -168 - -127?
-41
In base 14, what is -c64 - c?
-c72
In base 8, what is 40301 + 4?
40305
In base 5, what is -123410240 + -2?
-123410242
In base 4, what is -3 - 311?
-320
In base 14, what is 7 + -591aa?
-591a3
In base 8, what is -1 - 2174672?
-2174673
In base 14, what is -23 - 1511?
-1534
In base 14, what is 28141 + -1?
28140
In base 16, what is -1c34d + 1?
-1c34c
In base 10, what is 836017 - 2?
836015
In base 7, what is -3001 - -421?
-2250
In base 8, what is 22 - -4426?
4450
In base 6, what is 0 + -40121?
-40121
In base 7, what is 1123 - 2050?
-624
In base 9, what is 0 - -2171235?
2171235
In base 10, what is -65 - 445?
-510
In base 9, what is -4 - 221712?
-221716
In base 14, what is a1cd7 + -2?
a1cd5
In base 12, what is 8889 + -2?
8887
In base 16, what is d8 - -87?
15f
In base 13, what is 409 - 24c?
18a
In base 16, what is 322 + -8?
31a
In base 14, what is -bb - -3cd5?
3c18
In base 13, what is 2 + -29751?
-2974c
In base 15, what is -c2 - -3c?
-85
In base 9, what is -37856 - 0?
-37856
In base 15, what is 60 + 24d57?
24db7
In base 9, what is -5 - 2646581?
-2646586
In base 3, what is -10 + 10010121102?
10010121022
In base 4, what is 33013112 - -1?
33013113
In base 2, what is 1110101101 - 110100?
1101111001
In base 3, what is 1100022 - -10011?
1110110
In base 11, what is 513 + -82a?
-317
In base 8, what is -237 + 35146?
34707
In base 9, what is 24 + -240?
-215
In base 8, what is 0 - -30707?
30707
In base 3, what is 100101220 - -2111?
100111101
In base 12, what is -aa732 + -10?
-aa742
In base 15, what is -3 - 1ce0?
-1ce3
In base 11, what is 2 + 19aaa?
1a001
In base 5, what is 3403243 + 31?
3403324
In base 6, what is -213131 + -42?
-213213
In base 5, what is 33140320 - 10?
33140310
In base 14, what is 360ba + -5?
360b5
In base 11, what is -5 + -157a8?
-15802
In base 6, what is 45413 - 104?
45305
In base 9, what is 0 - 25208?
-25208
In base 7, what is 10 + 1225356?
1225366
In base 15, what is 17c5 - -3e?
1814
In base 15, what is -1 - 24796?
-24797
In base 11, what is 2 + a3836?
a3838
In base 9, what is -1 + -7613?
-7614
In base 10, what is -4 + -275183?
-275187
In base 2, what is -110 + -110010000010011?
-110010000011001
In base 12, what is -69 + 242?
195
In base 2, what is -101111111 - 11010111?
-1001010110
In base 14, what is 1c6c + 7?
1c75
In base 12, what is 1832 - -1?
1833
In base 14, what is 606 - 4a?
59a
In base 11, what is -1 + 4a3?
4a2
In base 5, what is -144003113 + 4?
-144003104
In base 15, what is 21 - -1763?
1784
In base 12, what is 45135 - -4?
45139
In base 11, what is -3 - 2224?
-2227
In base 14, what is b3d + -d8?
a45
In base 13, what is aa7c + 5?
aa84
In base 6, what is -4005 - 1114?
-5123
In base 16, what is 843 + 7?
84a
In base 3, what is -202211120 + 1?
-202211112
In base 4, what is 211223130 + 11?
211223201
In base 16, what is -16586 + -3?
-16589
In base 5, what is 1443 - 132?
1311
In base 5, what is 12 - 134011?
-133444
In base 11, what is -5 - -7323?
7319
In base 14, what is -183d - -7?
-1836
In base 6, what is 313322 + 21?
313343
In base 13, what is -43 + -461?
-4a4
In base 4, what is -220102223133 + -10?
-220102223203
In base 15, what is 840 + 6?
846
In base 16, what is -349 - -7d?
-2cc
In base 7, what is -335 + 3123?
2455
In base 5, what is 12201 + 11?
12212
In base 9, what is -4 - 36457?
-36462
In base 12, what is 28588 - -3?
2858b
In base 12, what is -288202a - -4?
-2882026
In base 14, what is -126d5 + 5?
-126d0
In base 3, what is -101111202 - 11020?
-101122222
In base 6, what is 222 - -150322?
150544
In base 11, what is 1396 - 1337?
5a
In base 10, what is -1 - 10109?
-10110
In base 13, what is -3 - 2575?
-2578
In base 6, what is -1001014 + -3?
-1001021
In base 15, what is 1476 - 1b6?
12b0
In base 13, what is 3a43b - 5?
3a436
In base 16, what is -2 - -3091c?
3091a
In base 13, what is -1 - -6bc24?
6bc23
In base 7, what is 2343 + -116?
2224
In base 3, what is 21 + 10002211212?
10002212010
In base 15, what is 1a - -56ab?
56c6
In base 12, what is 48574 - -3?
48577
In base 7, what is -15433462 + -5?
-15433500
In base 2, what is 1011001101011 - -100110?
1011010010001
In base 10, what is -2226 - 293?
-2519
In base 10, what is -4 - 358007?
-358011
In base 11, what is 54 + 910a?
9163
In base 8, what is 1 + -17352?
-17351
In base 15, what is 1 - -23eb?
23ec
In base 6, what is 32 + -1223?
-1151
In base 14, what is -77b3 + 3d?
-7774
In base 13, what is 5 - -1629?
1631
In base 8, what is 3163061 + 4?
3163065
In base 13, what is -8 - -3361?
3356
In base 8, what is 5326 - 606?
4520
In base 14, what is -48a920 - 5?
-48a925
In base 2, what is -1011111101110 - 10000?
-1011111111110
In base 5, what is -2220010224 - 4?
-2220010233
In base 13, what is 3 - 14780?
-1477a
In base 7, what is -63231 + 34?
-63164
In base 10, what is 2 + 4241?
4243
In base 8, what is 4425 - 145?
4260
In base 8, what is -1 + -5720?
-5721
In base 5, what is 4344330 - -1?
4344331
In base 12, what is 162b + 0?
162b
In base 15, what is -3b9 - -83?
-336
In base 9, what is 100 + 21?
121
In base 10, what is -5812 - -9?
-5803
In base 9, what is -7282 - -8?
-7273
In base 15, what is -1 - 57e01?
-57e02
In base 9, what is -78 - 7007?
-7086
In base 3, what is 10 - -111210120?
111210200
In base 14, what is 1d78 + -59?
1d1d
In base 8, what is 14 + -3647?
-3633
In base 7, what is 14 + 351565?
351612
In base 8, what is 64412 + 120?
64532
In base 4, what is -11003301013 + -1?
-11003301020
In base 12, what is 8182 + -1a2?
7ba0
In base 5, what is 0 - -21101214?
21101214
In base 9, what is -5600 + -1?
-5601
In base 6, what is 102 - 4122?
-4020
In base 3, what is 22222 + 121220020?
122020012
In base 7, what is -13434 - 651?
-14415
In base 2, what is 0 + 110011001010111110?
110011001010111110
In base 4, what is -103 + -1003002?
-1003111
In base 6, what is -124 - 135?
-303
In base 5, what is -2 - -10430124?
10430122
In base 5, what is -144 + 1432?
1233
In base 11, what is -207 + -3234?
-3440
In base 6, what is 15250 + -1321?
13525
In base 13, what is -17538 - -12?
-17526
In base 8, what is 73 - 12171?
-12076
In base 8, what is 3351 - -27?
3400
In base 10, what is -9 + -54612?
-54621
In base 8, what is 21 - -15563?
15604
In base 9, what is -172786 - 4?
-172801
In base 9, what is -2 - -405258?
405256
In base 7, what is 11334 - -22?
11356
In base 12, what is 15a13 + -5?
15a0a
In base 2, what is 1110 + 10100100010100011?
10100100010110001
In base 16, what is 10 - 38?
-28
In base 7, what is -442341 + 5?
-442333
In base 16, what is -17a - -998?
81e
In base 10, what is 948884 - -4?
948888
In base 